-12
Let s(h) = 2*h**3 - 9*h**2 + 3*h + 11. Determine s(4).
7
Let k(h) = h**3 - 11*h**2 - 13*h + 1. Give k(12).
-11
Let d(r) = -24*r + 24. What is d(2)?
-24
Let b(d) = d**2 - 2*d. Calculate b(6).
24
Let y(b) = -6*b - 47. Calculate y(-6).
-11
Let r(g) = -g**3 + 12*g**2 - 3*g - 107. Give r(11).
-19
Let v(a) = a**2 - 68*a - 602. Give v(-8).
6
Let x(y) = -7*y - 86. Give x(-11).
-9
Let s(r) = -r**3 - 9*r**2 - 8*r + 6. Determine s(-8).
6
Let p(l) = -l**3 + 8*l**2 - 6*l - 16. What is p(7)?
-9
Let p(u) = -123*u - 254. Give p(-2).
-8
Let t(u) = -u**2 + 11*u + 120. What is t(18)?
-6
Let m(b) = b**3 - 16*b**2 + b - 16. Determine m(16).
0
Let l(p) = -p - 6. Determine l(-16).
10
Let n(f) = f**3 - 2*f**2 - 3*f + 3. Determine n(2).
-3
Let p(t) = -t**3 + 17*t**2 - 12*t - 19. Give p(16).
45
Let z(o) = -o + 13. Determine z(10).
3
Let j(x) = -x**3 - 6*x**2 + x + 4. Determine j(-5).
-26
Let f(p) = -11*p**2 + 1. Determine f(1).
-10
Let h(u) = u**3 + 5*u**2 - 13*u + 20. Determine h(-7).
13
Let p(q) = -2*q**2 + 16*q + 14. Give p(9).
-4
Let r(s) = 5*s**2 + 2*s + 1. Give r(-1).
4
Let v(b) = b**2 + 13*b - 1. Calculate v(-13).
-1
Let n(p) = -10*p + 8. Determine n(-5).
58
Let j(n) = -9*n**3 - 8*n**2 + 10*n - 1. Determine j(1).
-8
Let h(v) = 4*v + 19. What is h(-10)?
-21
Let o(h) = -16*h + 146. Determine o(9).
2
Let n(c) = -c**3 - c - 37. Give n(0).
-37
Let i(y) = -5*y + 2. Calculate i(6).
-28
Let r(z) = -33*z + 632. Calculate r(19).
5
Let b(r) = r**2 - 11*r + 22. Give b(7).
-6
Let x(j) = j**3 + 6*j**2 - 16*j - 85. Give x(-6).
11
Let v(f) = f**3 - 19*f**2 - 4. Calculate v(19).
-4
Let d(s) = -13*s - 237. Give d(-19).
10
Let g(r) = 4*r + 20. Calculate g(7).
48
Let x(m) = m**2 + 15*m - 6. What is x(-16)?
10
Let t(j) = j**3 + 11*j**2 + 9*j - 9. Give t(-10).
1
Let z(o) = -o**3 - 6*o**2 + 11*o + 8. Determine z(-8).
48
Let h(n) = -n**3 + 8*n**2 - 9*n + 2. Give h(7).
-12
Let d(m) = -5*m**3 + 3*m**2 + m - 2. What is d(2)?
-28
Let a(k) = k**2 - 24*k - 165. Give a(30).
15
Let o(z) = z**2 + 14*z - 20. Determine o(-16).
12
Let r(d) = -d**3 - 39*d**2 + 4*d + 151. Give r(-39).
-5
Let l(f) = 17*f - 177. Calculate l(11).
10
Let b(v) = -4*v**2 + 6*v + 3. Determine b(-2).
-25
Let l(a) = -a**3 - 6*a**2 + 133*a - 28. Determine l(-15).
2
Let f(r) = 14*r - 33. Give f(2).
-5
Let h(s) = -s**3 + 15*s**2 - 14*s - 4. Give h(14).
-4
Let v(j) = j**3 + j**2 - 4*j + 5. What is v(-4)?
-27
Let v(y) = -5*y**2 + 3. What is v(2)?
-17
Let c(j) = -j**2 + 4*j + 1. What is c(5)?
-4
Let a(r) = 350*r - 1041. Give a(3).
9
Let c(h) = 4*h**2 + 5*h + 5. Give c(-3).
26
Let w(g) = -2*g - 17. Determine w(-2).
-13
Let j(c) = 6*c + 7. Calculate j(9).
61
Let q(x) = -4*x + 12. Calculate q(7).
-16
Let a(o) = 6*o. What is a(-2)?
-12
Let v(f) = f**3 + 2*f**2 + 6*f + 6. Give v(-4).
-50
Let d(i) = 3*i + 9. Determine d(-7).
-12
Let s(d) = -d**3 + d**2 - d + 1. Determine s(1).
0
Let b(y) = -y**2 + 28*y + 42. Give b(30).
-18
Let j(y) = 9*y**2 + 7. Determine j(3).
88
Let o(v) = -6*v**3 + 4*v**2 - 3*v + 1. Give o(1).
-4
Let y(g) = g**2 - 2*g. Give y(4).
8
Let c(v) = -v**3 - 8*v**2 - 5*v + 9. Calculate c(-7).
-5
Let i(a) = -a**3 + 22*a**2 - 4. Give i(22).
-4
Let d(h) = -23*h - 269. What is d(-12)?
7
Let h(m) = m**3 + 6*m**2 - 6*m. Calculate h(-7).
-7
Let b(s) = 2*s + 24. Determine b(-17).
-10
Let k(w) = -2*w**2 - 3*w + 12. Calculate k(5).
-53
Let a(q) = 2*q**2 - 9*q - 5. Calculate a(7).
30
Let l(x) = -x**3 - 7*x**2 - 12*x - 36. Determine l(-6).
0
Let a(j) = j**3 - 29*j**2 + 4*j - 54. Determine a(29).
62
Let u(q) = -q**2 - 1. Give u(0).
-1
Let c(o) = -4*o - 85. What is c(-19)?
-9
Let m(y) = y**2 + 8*y + 22. Calculate m(-5).
7
Let j(x) = x - 4. What is j(-2)?
-6
Let j(o) = -2*o - 17. Determine j(-9).
1
Let k(o) = 2*o**3 - o**2 - 2*o - 1. Calculate k(0).
-1
Let k(x) = 4*x**2 + 10*x + 17. Give k(-5).
67
Let j(i) = 38*i + 66. What is j(-2)?
-10
Let i(k) = -k**2 + 33*k - 100. Calculate i(3).
-10
Let s(h) = 5*h - 101. Give s(25).
24
Let l(z) = z**3 + 24*z**2 + 8. What is l(-24)?
8
Let t(z) = -24*z**2 + 1. Calculate t(-1).
-23
Let i(u) = u**3 + 6*u**2 - 2*u - 12. Calculate i(-6).
0
Let f(d) = 7*d - 23. Determine f(13).
68
Let c(p) = 2*p**2 + 9*p - 32. Give c(-12).
148
Let y(w) = -10*w + 41. Give y(3).
11
Let o(m) = m - 68. What is o(0)?
-68
Let c(r) = -5*r**2 + 49*r - 122. What is c(6)?
-8
Let p(h) = h + 9. What is p(-10)?
-1
Let k(y) = -y**3 + 6*y**2 - 4*y + 6. Give k(4).
22
Let v(a) = -a**3 - 5*a**2 + 9*a + 14. Determine v(-6).
-4
Let z(f) = 2*f - 26. What is z(16)?
6
Let z(s) = -s**2 - 13*s - 17. Calculate z(-10).
13
Let y(a) = 4*a - 36. Calculate y(8).
-4
Let x(p) = 2*p + 12. Calculate x(-6).
0
Let g(m) = -2*m**2 + 57*m + 1. Determine g(30).
-89
Let h(w) = w**2 - 17*w + 8. Calculate h(16).
-8
Let d(u) = u**3 + 9*u**2 + 4*u + 9. Calculate d(-8).
41
Let s(b) = b**3 - 7*b**2 - 4*b + 6. Calculate s(6).
-54
Let d(x) = 135*x - 23. What is d(1)?
112
Let f(s) = 103*s**3 - s**2 + s - 1. Determine f(1).
102
Let d(f) = -2*f**2 + 7*f + 1. Calculate d(6).
-29
Let t(o) = -8*o + 38. Give t(3).
14
Let a(w) = 2*w - 8. What is a(6)?
4
Let w(y) = y + 2. Calculate w(-8).
-6
Let w(u) = -u**3 + 14*u**2 - 48*u - 10. Give w(7).
-3
Let d(w) = -2*w**2 + 2*w + 1. What is d(-5)?
-59
Let v(w) = -w**2 - 35*w + 106. What is v(-38)?
-8
Let x(t) = -7*t - 72. Give x(-10).
-2
Let o(l) = -4*l - 8. Give o(-4).
8
Let k(w) = -w**3 + w**2 - 2*w - 4. Calculate k(0).
-4
Let m(c) = -c**2 - 5*c. Calculate m(-5).
0
Let t(f) = -12*f - 88. Determine t(-9).
20
Let z(g) = 4*g - 161. Determine z(42).
7
Let c(u) = u**3 + 8*u**2. Calculate c(-8).
0
Let u(p) = -p**3 - 8*p**2 - 7*p + 4. Give u(-9).
148
Let c(h) = -h**3 - 7*h**2 - 10*h - 3. Calculate c(-5).
-3
Let r(g) = 7*g**2 + 2. Calculate r(2).
30
Let x(o) = o**2 - 11*o + 13. What is x(10)?
3
Let x(g) = -8*g + 73. Calculate x(9).
1
Let o(w) = -w**2 + 24*w + 3. Give o(22).
47
Let c(v) = 7*v**2 + 5*v + 4. Calculate c(-2).
22
Let t(n) = -n**3 - 16*n**2 - 21*n - 22. What is t(-14)?
-120
Let y(k) = 16*k + 83. Determine y(-5).
3
Let v(x) = -x**2 - 9*x + 23. Determine v(-10).
13
Let i(s) = s**2 - 5*s + 5. Calculate i(5).
5
Let p(z) = 34*z - 258. Give p(7).
-20
Let u(y) = y**2 - 12*y - 9. Give u(13).
4
Let n(z) = -z**3 + 3*z**2 + 7*z - 7. What is n(4)?
5
Let q(r) = r + 28. Determine q(-24).
4
Let b(p) = 6*p + 54. What is b(-6)?
18
Let f(a) = -9*a + 139. Calculate f(15).
4
Let z(l) = -l**2 + 17*l + 13. Calculate z(17).
13
Let w(z) = -z**3 + 17*z**2 - 2*z + 38. Give w(17).
4
Let u(s) = -5*s**2 + 4*s + 5. Determine u(-4).
-91
Let d(s) = 9*s**3 + 5*s**2 + 4*s + 7. Calculate d(-2).
-53
Let p(i) = 6*i**2 - 2*i - 2. Determine p(-1).
6
Let p(z) = z - 10. What is p(6)?
-4
Let y(l) = -l**2 + l - 43. What is y(0)?
-43
Let g(i) = i**2 - 11*i + 7. Calculate g(10).
-3
Let s(m) = -10*m + 22. Calculate s(2).
2
Let q(c) = -2*c - 1. Calculate q(-1).
1
Let o(x) = -x**3 + 12*x**2 + 14*x - 9. Give o(13).
4
Let w(j) = j**3 - 4*j**2 - 13*j + 2. Give w(6).
-4
Let j(v) = -11*v + 3. Give j(2).
-19
Let x(c) = -c + 3. Give x(13).
-10
Let o(v) = -23*v - 77. Determine o(-5).
38
Let k(s) = -s**2 - 6*s - 3. Give k(-8).
-19
Let h(a) = 7*a - 9. What is h(3)?
12
Let h(x) = 2*x**3 + 2*x**2 + 4*x + 3. Calculate h(-2).
-13
Let c(k) = 10*k - 8. Give c(3).
22
Let l(m) = 2*m**2 + m. Calculate l(-2).
6
Let f(k) = -k**3 + 6*k**2 - 5*k + 8. What is f(6)?
-22
Let v(g) = -g**3 + 11*g**2 - 11*g - 8. Calculate v(10).
-18
Let m(q) = -31*q + 117. Give m(4).
-7
Let v(u) = -u**2 + 12*u + 97. Give v(-5).
12
Let j(p) = -p**3 - p**2 + p + 2. What is j(3)?
-31
Let l(t) = t + 17. Give l(-16).
1
Let v(h) = -7*h**3 - h**2. Calculate v(-1).
6
Let y(p) = p**2 - 2*p - 10. What is y(-5)?
25
Let g(w) = 8*w + 2. What is g(-2)?
-14
Let w(l) = 18*l + 372. Determine w(-20).
12
Let a(z) = z**2 + 15*z - 22. What is a(-16)?
-6
Let a(l) = 10*l - 3. Give a(-1).
-13
Let d(y) = -y**2 + 6*y + 5. Calculate d(7).
-2
Let a(h) = h**3 + 2*h**2 - 8*h - 7. What is a(-3)?
8
Let a(t) = -t**2 - 27*t + 2. Calculate a(-27).
2
Let q(y) = y**3 + 9*y**2 + 10*y - 11. What is q(-8)?
-27
Let z(a) = -a + 83. Determine z(-19).
102
Let j(o) = -o**3 - 6*o**2 + 6*o - 6. Give j(-7).
1
Let x(l) = -2*l + 7. What is x(-6)?
19
Let i(h) = 9*h + 4. Calculate i(4).
40
Let x(a) = -3*a - 2. Determine x(-6).
16
Let i(d) = d**3 + 6*d**2 - 3*d - 6. Dete